{"id":16,"date":"2019-12-08T17:24:46","date_gmt":"2019-12-08T16:24:46","guid":{"rendered":"http:\/\/192.168.1.28\/wordpress\/?page_id=16"},"modified":"2019-12-16T15:18:46","modified_gmt":"2019-12-16T14:18:46","slug":"telecharger","status":"publish","type":"page","link":"https:\/\/sgdesign.fr\/?page_id=16","title":{"rendered":"Catalogues"},"content":{"rendered":"\n<p>Acc\u00e8s r\u00e9serv\u00e9 uniquement aux professionnels munis d&rsquo;un mot de passe<\/p>\n\n\n<div class=\"sdm_fancy_template_wrapper\"><div class=\"sdm_fancy2_item sdm_fancy2_grid\"><div class=\"sdm_fancy2_wrapper\"><div class=\"sdm_fancy2_download_item_top\"><div class=\"sdm_fancy2_download_thumbnail\"><img decoding=\"async\" class=\"sdm_fancy2_thumb_image\" src=\"https:\/\/sgdesign.fr\/wp-content\/uploads\/2020\/07\/cover-Blades-2022.jpg\" alt = \"Prot\u00e9g\u00e9\u00a0: 01_Blades\" \/><\/div><\/div><div class=\"sdm_fancy2_download_title\">Prot\u00e9g\u00e9\u00a0: 01_Blades<\/div><div class=\"sdm_fancy2_download_size\"><span class=\"sdm_fancy2_download_size_label\">Taille\u00a0: <\/span><span class=\"sdm_fancy2_download_size_value\">68.6 MB<\/span><\/div><div class=\"sdm_fancy2_download_link\"><span class=\"sdm_enter_password_label_text\">Saisir le mot de passe pour t\u00e9l\u00e9charger\u00a0:<\/span><form action=\"https:\/\/sgdesign.fr\/?sdm_process_download=1&download_id=186\" method=\"post\" id=\"sdm-pass-69fc81d4a3cc9\" class=\"sdm-download-form\" target=\"_blank\"><input type=\"password\" name=\"pass_text\" class=\"sdm_pass_text\" value=\"\" \/> <span class=\"sdm-download-button\"><a href=\"#\" name=\"sdm_dl_pass_submit\" class=\"pass_sumbit sdm_pass_protected_download sdm_download_with_condition sdm_fancy2_download_dl_link\">T\u00e9l\u00e9charger<\/a><\/span><input type=\"hidden\" name=\"download_id\" value=\"186\" \/><\/form><\/div><\/div><\/div><\/div><div class=\"sdm_fancy_template_wrapper\"><div class=\"sdm_fancy2_item sdm_fancy2_grid\"><div class=\"sdm_fancy2_wrapper\"><div class=\"sdm_fancy2_download_item_top\"><div class=\"sdm_fancy2_download_thumbnail\"><img decoding=\"async\" class=\"sdm_fancy2_thumb_image\" src=\"https:\/\/sgdesign.fr\/wp-content\/uploads\/2021\/04\/Couv-SWIZA.jpg\" alt = \"Prot\u00e9g\u00e9\u00a0: 02_SWIZA\" \/><\/div><\/div><div class=\"sdm_fancy2_download_title\">Prot\u00e9g\u00e9\u00a0: 02_SWIZA<\/div><div class=\"sdm_fancy2_download_size\"><span class=\"sdm_fancy2_download_size_label\">Taille\u00a0: <\/span><span class=\"sdm_fancy2_download_size_value\">59.5 MB<\/span><\/div><div class=\"sdm_fancy2_download_link\"><span class=\"sdm_enter_password_label_text\">Saisir le mot de passe pour t\u00e9l\u00e9charger\u00a0:<\/span><form action=\"https:\/\/sgdesign.fr\/?sdm_process_download=1&download_id=334\" method=\"post\" id=\"sdm-pass-69fc81d4a3fcc\" class=\"sdm-download-form\" target=\"_blank\"><input type=\"password\" name=\"pass_text\" class=\"sdm_pass_text\" value=\"\" \/> <span class=\"sdm-download-button\"><a href=\"#\" name=\"sdm_dl_pass_submit\" class=\"pass_sumbit sdm_pass_protected_download sdm_download_with_condition sdm_fancy2_download_dl_link\">T\u00e9l\u00e9charger<\/a><\/span><input type=\"hidden\" name=\"download_id\" value=\"334\" \/><\/form><\/div><\/div><\/div><\/div><div class=\"sdm_fancy_template_wrapper\"><div class=\"sdm_fancy2_item sdm_fancy2_grid\"><div class=\"sdm_fancy2_wrapper\"><div class=\"sdm_fancy2_download_item_top\"><div class=\"sdm_fancy2_download_thumbnail\"><img decoding=\"async\" class=\"sdm_fancy2_thumb_image\" src=\"https:\/\/sgdesign.fr\/wp-content\/uploads\/2019\/12\/OBJETS-UTILES-GENERIQUE-gliss\u00e9es.jpg\" alt = \"Prot\u00e9g\u00e9\u00a0: 03_Objets Personnalisables\" \/><\/div><\/div><div class=\"sdm_fancy2_download_title\">Prot\u00e9g\u00e9\u00a0: 03_Objets Personnalisables<\/div><div class=\"sdm_fancy2_download_size\"><span class=\"sdm_fancy2_download_size_label\">Taille\u00a0: <\/span><span class=\"sdm_fancy2_download_size_value\">12.5 MB<\/span><\/div><div class=\"sdm_fancy2_download_link\"><span class=\"sdm_enter_password_label_text\">Saisir le mot de passe pour t\u00e9l\u00e9charger\u00a0:<\/span><form action=\"https:\/\/sgdesign.fr\/?sdm_process_download=1&download_id=188\" method=\"post\" id=\"sdm-pass-69fc81d4a417b\" class=\"sdm-download-form\" target=\"_blank\"><input type=\"password\" name=\"pass_text\" class=\"sdm_pass_text\" value=\"\" \/> <span class=\"sdm-download-button\"><a href=\"#\" name=\"sdm_dl_pass_submit\" class=\"pass_sumbit sdm_pass_protected_download sdm_download_with_condition sdm_fancy2_download_dl_link\">T\u00e9l\u00e9charger<\/a><\/span><input type=\"hidden\" name=\"download_id\" value=\"188\" \/><\/form><\/div><\/div><\/div><\/div><div class=\"sdm_clear_float\"><\/div><div class=\"sdm_fancy_template_wrapper\"><div class=\"sdm_fancy2_item sdm_fancy2_grid\"><div class=\"sdm_fancy2_wrapper\"><div class=\"sdm_fancy2_download_item_top\"><div class=\"sdm_fancy2_download_thumbnail\"><img decoding=\"async\" class=\"sdm_fancy2_thumb_image\" src=\"https:\/\/sgdesign.fr\/wp-content\/uploads\/2020\/07\/xCATALOGUE-PELUCHES-Hiver-2021-2022.jpg.pagespeed.ic_.-tvGxkXrHc.jpg\" alt = \"Prot\u00e9g\u00e9\u00a0: 04_Gausapa\" \/><\/div><\/div><div class=\"sdm_fancy2_download_title\">Prot\u00e9g\u00e9\u00a0: 04_Gausapa<\/div><div class=\"sdm_fancy2_download_size\"><span class=\"sdm_fancy2_download_size_label\">Taille\u00a0: <\/span><span class=\"sdm_fancy2_download_size_value\">9 MB<\/span><\/div><div class=\"sdm_fancy2_download_link\"><span class=\"sdm_enter_password_label_text\">Saisir le mot de passe pour t\u00e9l\u00e9charger\u00a0:<\/span><form action=\"https:\/\/sgdesign.fr\/?sdm_process_download=1&download_id=191\" method=\"post\" id=\"sdm-pass-69fc81d4a4302\" class=\"sdm-download-form\" target=\"_blank\"><input type=\"password\" name=\"pass_text\" class=\"sdm_pass_text\" value=\"\" \/> <span class=\"sdm-download-button\"><a href=\"#\" name=\"sdm_dl_pass_submit\" class=\"pass_sumbit sdm_pass_protected_download sdm_download_with_condition sdm_fancy2_download_dl_link\">T\u00e9l\u00e9charger<\/a><\/span><input type=\"hidden\" name=\"download_id\" value=\"191\" \/><\/form><\/div><\/div><\/div><\/div><div class=\"sdm_fancy_template_wrapper\"><div class=\"sdm_fancy2_item sdm_fancy2_grid\"><div class=\"sdm_fancy2_wrapper\"><div class=\"sdm_fancy2_download_item_top\"><div class=\"sdm_fancy2_download_thumbnail\"><img decoding=\"async\" class=\"sdm_fancy2_thumb_image\" src=\"https:\/\/sgdesign.fr\/wp-content\/uploads\/2019\/12\/LMP-NORMANDIE-2019.jpg\" alt = \"Prot\u00e9g\u00e9\u00a0: 05_Normandie\" \/><\/div><\/div><div class=\"sdm_fancy2_download_title\">Prot\u00e9g\u00e9\u00a0: 05_Normandie<\/div><div class=\"sdm_fancy2_download_link\"><span class=\"sdm_enter_password_label_text\">Saisir le mot de passe pour t\u00e9l\u00e9charger\u00a0:<\/span><form action=\"https:\/\/sgdesign.fr\/?sdm_process_download=1&download_id=194\" method=\"post\" id=\"sdm-pass-69fc81d4a4485\" class=\"sdm-download-form\" target=\"_blank\"><input type=\"password\" name=\"pass_text\" class=\"sdm_pass_text\" value=\"\" \/> <span class=\"sdm-download-button\"><a href=\"#\" name=\"sdm_dl_pass_submit\" class=\"pass_sumbit sdm_pass_protected_download sdm_download_with_condition sdm_fancy2_download_dl_link\">T\u00e9l\u00e9charger<\/a><\/span><input type=\"hidden\" name=\"download_id\" value=\"194\" \/><\/form><\/div><\/div><\/div><\/div><div class=\"sdm_fancy_template_wrapper\"><div class=\"sdm_fancy2_item sdm_fancy2_grid\"><div class=\"sdm_fancy2_wrapper\"><div class=\"sdm_fancy2_download_item_top\"><div class=\"sdm_fancy2_download_thumbnail\"><img decoding=\"async\" class=\"sdm_fancy2_thumb_image\" src=\"https:\/\/sgdesign.fr\/wp-content\/uploads\/2019\/12\/LMP-NORMANDIE-CREAS-CLIENTS-.jpg\" alt = \"Prot\u00e9g\u00e9\u00a0: 06_Normandie Cr\u00e9ations Clients\" \/><\/div><\/div><div class=\"sdm_fancy2_download_title\">Prot\u00e9g\u00e9\u00a0: 06_Normandie Cr\u00e9ations Clients<\/div><div class=\"sdm_fancy2_download_link\"><span class=\"sdm_enter_password_label_text\">Saisir le mot de passe pour t\u00e9l\u00e9charger\u00a0:<\/span><form action=\"https:\/\/sgdesign.fr\/?sdm_process_download=1&download_id=197\" method=\"post\" id=\"sdm-pass-69fc81d4a45ff\" class=\"sdm-download-form\" target=\"_blank\"><input type=\"password\" name=\"pass_text\" class=\"sdm_pass_text\" value=\"\" \/> <span class=\"sdm-download-button\"><a href=\"#\" name=\"sdm_dl_pass_submit\" class=\"pass_sumbit sdm_pass_protected_download sdm_download_with_condition sdm_fancy2_download_dl_link\">T\u00e9l\u00e9charger<\/a><\/span><input type=\"hidden\" name=\"download_id\" value=\"197\" \/><\/form><\/div><\/div><\/div><\/div><div class=\"sdm_clear_float\"><\/div><div class=\"sdm_fancy_template_wrapper\"><div class=\"sdm_fancy2_item sdm_fancy2_grid\"><div class=\"sdm_fancy2_wrapper\"><div class=\"sdm_fancy2_download_item_top\"><div class=\"sdm_fancy2_download_thumbnail\"><img decoding=\"async\" class=\"sdm_fancy2_thumb_image\" src=\"https:\/\/sgdesign.fr\/wp-content\/uploads\/2019\/12\/LMP-MSM.jpg\" alt = \"Prot\u00e9g\u00e9\u00a0: 07_LMP Mont Saint Michel\" \/><\/div><\/div><div class=\"sdm_fancy2_download_title\">Prot\u00e9g\u00e9\u00a0: 07_LMP Mont Saint Michel<\/div><div class=\"sdm_fancy2_download_link\"><span class=\"sdm_enter_password_label_text\">Saisir le mot de passe pour t\u00e9l\u00e9charger\u00a0:<\/span><form action=\"https:\/\/sgdesign.fr\/?sdm_process_download=1&download_id=200\" method=\"post\" id=\"sdm-pass-69fc81d4a4777\" class=\"sdm-download-form\" target=\"_blank\"><input type=\"password\" name=\"pass_text\" class=\"sdm_pass_text\" value=\"\" \/> <span class=\"sdm-download-button\"><a href=\"#\" name=\"sdm_dl_pass_submit\" class=\"pass_sumbit sdm_pass_protected_download sdm_download_with_condition sdm_fancy2_download_dl_link\">T\u00e9l\u00e9charger<\/a><\/span><input type=\"hidden\" name=\"download_id\" value=\"200\" \/><\/form><\/div><\/div><\/div><\/div><div class=\"sdm_fancy_template_wrapper\"><div class=\"sdm_fancy2_item sdm_fancy2_grid\"><div class=\"sdm_fancy2_wrapper\"><div class=\"sdm_fancy2_download_item_top\"><div class=\"sdm_fancy2_download_thumbnail\"><img decoding=\"async\" class=\"sdm_fancy2_thumb_image\" src=\"https:\/\/sgdesign.fr\/wp-content\/uploads\/2019\/12\/LMP-BRETAGNE.jpg\" alt = \"Prot\u00e9g\u00e9\u00a0: 08_LMP Bretagne\" \/><\/div><\/div><div class=\"sdm_fancy2_download_title\">Prot\u00e9g\u00e9\u00a0: 08_LMP Bretagne<\/div><div class=\"sdm_fancy2_download_link\"><span class=\"sdm_enter_password_label_text\">Saisir le mot de passe pour t\u00e9l\u00e9charger\u00a0:<\/span><form action=\"https:\/\/sgdesign.fr\/?sdm_process_download=1&download_id=206\" method=\"post\" id=\"sdm-pass-69fc81d4a48ef\" class=\"sdm-download-form\" target=\"_blank\"><input type=\"password\" name=\"pass_text\" class=\"sdm_pass_text\" value=\"\" \/> <span class=\"sdm-download-button\"><a href=\"#\" name=\"sdm_dl_pass_submit\" class=\"pass_sumbit sdm_pass_protected_download sdm_download_with_condition sdm_fancy2_download_dl_link\">T\u00e9l\u00e9charger<\/a><\/span><input type=\"hidden\" name=\"download_id\" value=\"206\" \/><\/form><\/div><\/div><\/div><\/div><div class=\"sdm_fancy_template_wrapper\"><div class=\"sdm_fancy2_item sdm_fancy2_grid\"><div class=\"sdm_fancy2_wrapper\"><div class=\"sdm_fancy2_download_item_top\"><div class=\"sdm_fancy2_download_thumbnail\"><img decoding=\"async\" class=\"sdm_fancy2_thumb_image\" src=\"https:\/\/sgdesign.fr\/wp-content\/uploads\/2019\/12\/LMP-PARIS.jpg\" alt = \"Prot\u00e9g\u00e9\u00a0: 09_LMP Paris\" \/><\/div><\/div><div class=\"sdm_fancy2_download_title\">Prot\u00e9g\u00e9\u00a0: 09_LMP Paris<\/div><div class=\"sdm_fancy2_download_link\"><span class=\"sdm_enter_password_label_text\">Saisir le mot de passe pour t\u00e9l\u00e9charger\u00a0:<\/span><form action=\"https:\/\/sgdesign.fr\/?sdm_process_download=1&download_id=203\" method=\"post\" id=\"sdm-pass-69fc81d4a4a7f\" class=\"sdm-download-form\" target=\"_blank\"><input type=\"password\" name=\"pass_text\" class=\"sdm_pass_text\" value=\"\" \/> <span class=\"sdm-download-button\"><a href=\"#\" name=\"sdm_dl_pass_submit\" class=\"pass_sumbit sdm_pass_protected_download sdm_download_with_condition sdm_fancy2_download_dl_link\">T\u00e9l\u00e9charger<\/a><\/span><input type=\"hidden\" name=\"download_id\" value=\"203\" \/><\/form><\/div><\/div><\/div><\/div><div class=\"sdm_clear_float\"><\/div><div class=\"sdm_fancy_template_wrapper\"><div class=\"sdm_fancy2_item sdm_fancy2_grid\"><div class=\"sdm_fancy2_wrapper\"><div class=\"sdm_fancy2_download_item_top\"><div class=\"sdm_fancy2_download_thumbnail\"><img decoding=\"async\" class=\"sdm_fancy2_thumb_image\" src=\"https:\/\/sgdesign.fr\/wp-content\/uploads\/2019\/12\/CouvAlsace.jpg\" alt = \"Prot\u00e9g\u00e9\u00a0: 10_LMP Alsace\" \/><\/div><\/div><div class=\"sdm_fancy2_download_title\">Prot\u00e9g\u00e9\u00a0: 10_LMP Alsace<\/div><div class=\"sdm_fancy2_download_link\"><span class=\"sdm_enter_password_label_text\">Saisir le mot de passe pour t\u00e9l\u00e9charger\u00a0:<\/span><form action=\"https:\/\/sgdesign.fr\/?sdm_process_download=1&download_id=210\" method=\"post\" id=\"sdm-pass-69fc81d4a4cb4\" class=\"sdm-download-form\" target=\"_blank\"><input type=\"password\" name=\"pass_text\" class=\"sdm_pass_text\" value=\"\" \/> <span class=\"sdm-download-button\"><a href=\"#\" name=\"sdm_dl_pass_submit\" class=\"pass_sumbit sdm_pass_protected_download sdm_download_with_condition sdm_fancy2_download_dl_link\">T\u00e9l\u00e9charger<\/a><\/span><input type=\"hidden\" name=\"download_id\" value=\"210\" \/><\/form><\/div><\/div><\/div><\/div><div class=\"sdm_fancy_template_wrapper\"><div class=\"sdm_fancy2_item sdm_fancy2_grid\"><div class=\"sdm_fancy2_wrapper\"><div class=\"sdm_fancy2_download_item_top\"><div class=\"sdm_fancy2_download_thumbnail\"><img decoding=\"async\" class=\"sdm_fancy2_thumb_image\" src=\"https:\/\/sgdesign.fr\/wp-content\/uploads\/2019\/12\/LMP-COLLECTIONS.jpg\" alt = \"Prot\u00e9g\u00e9\u00a0: 11_LMP Collections\" \/><\/div><\/div><div class=\"sdm_fancy2_download_title\">Prot\u00e9g\u00e9\u00a0: 11_LMP Collections<\/div><div class=\"sdm_fancy2_download_link\"><span class=\"sdm_enter_password_label_text\">Saisir le mot de passe pour t\u00e9l\u00e9charger\u00a0:<\/span><form action=\"https:\/\/sgdesign.fr\/?sdm_process_download=1&download_id=213\" method=\"post\" id=\"sdm-pass-69fc81d4a4e5b\" class=\"sdm-download-form\" target=\"_blank\"><input type=\"password\" name=\"pass_text\" class=\"sdm_pass_text\" value=\"\" \/> <span class=\"sdm-download-button\"><a href=\"#\" name=\"sdm_dl_pass_submit\" class=\"pass_sumbit sdm_pass_protected_download sdm_download_with_condition sdm_fancy2_download_dl_link\">T\u00e9l\u00e9charger<\/a><\/span><input type=\"hidden\" name=\"download_id\" value=\"213\" \/><\/form><\/div><\/div><\/div><\/div><div class=\"sdm_fancy_template_wrapper\"><div class=\"sdm_fancy2_item sdm_fancy2_grid\"><div class=\"sdm_fancy2_wrapper\"><div class=\"sdm_fancy2_download_item_top\"><div class=\"sdm_fancy2_download_thumbnail\"><img decoding=\"async\" class=\"sdm_fancy2_thumb_image\" src=\"https:\/\/sgdesign.fr\/wp-content\/uploads\/2019\/12\/LMP-PACA-2023.jpg\" alt = \"Prot\u00e9g\u00e9\u00a0: 12_LMP Paca\" \/><\/div><\/div><div class=\"sdm_fancy2_download_title\">Prot\u00e9g\u00e9\u00a0: 12_LMP Paca<\/div><div class=\"sdm_fancy2_download_size\"><span class=\"sdm_fancy2_download_size_label\">Taille\u00a0: <\/span><span class=\"sdm_fancy2_download_size_value\">58,9 Mo<\/span><\/div><div class=\"sdm_fancy2_download_link\"><span class=\"sdm_enter_password_label_text\">Saisir le mot de passe pour t\u00e9l\u00e9charger\u00a0:<\/span><form action=\"https:\/\/sgdesign.fr\/?sdm_process_download=1&download_id=216\" method=\"post\" id=\"sdm-pass-69fc81d4a5006\" class=\"sdm-download-form\" target=\"_blank\"><input type=\"password\" name=\"pass_text\" class=\"sdm_pass_text\" value=\"\" \/> <span class=\"sdm-download-button\"><a href=\"#\" name=\"sdm_dl_pass_submit\" class=\"pass_sumbit sdm_pass_protected_download sdm_download_with_condition sdm_fancy2_download_dl_link\">T\u00e9l\u00e9charger<\/a><\/span><input type=\"hidden\" name=\"download_id\" value=\"216\" \/><\/form><\/div><\/div><\/div><\/div><div class=\"sdm_clear_float\"><\/div><div class=\"sdm_fancy_template_wrapper\"><div class=\"sdm_fancy2_item sdm_fancy2_grid\"><div class=\"sdm_fancy2_wrapper\"><div class=\"sdm_fancy2_download_item_top\"><div class=\"sdm_fancy2_download_thumbnail\"><img decoding=\"async\" class=\"sdm_fancy2_thumb_image\" src=\"https:\/\/sgdesign.fr\/wp-content\/uploads\/2019\/12\/occitanie-2023.jpg\" alt = \"Prot\u00e9g\u00e9\u00a0: 13_LMP Occitanie\" \/><\/div><\/div><div class=\"sdm_fancy2_download_title\">Prot\u00e9g\u00e9\u00a0: 13_LMP Occitanie<\/div><div class=\"sdm_fancy2_download_size\"><span class=\"sdm_fancy2_download_size_label\">Taille\u00a0: <\/span><span class=\"sdm_fancy2_download_size_value\">30,6 Mo<\/span><\/div><div class=\"sdm_fancy2_download_link\"><span class=\"sdm_enter_password_label_text\">Saisir le mot de passe pour t\u00e9l\u00e9charger\u00a0:<\/span><form action=\"https:\/\/sgdesign.fr\/?sdm_process_download=1&download_id=219\" method=\"post\" id=\"sdm-pass-69fc81d4a51a5\" class=\"sdm-download-form\" target=\"_blank\"><input type=\"password\" name=\"pass_text\" class=\"sdm_pass_text\" value=\"\" \/> <span class=\"sdm-download-button\"><a href=\"#\" name=\"sdm_dl_pass_submit\" class=\"pass_sumbit sdm_pass_protected_download sdm_download_with_condition sdm_fancy2_download_dl_link\">T\u00e9l\u00e9charger<\/a><\/span><input type=\"hidden\" name=\"download_id\" value=\"219\" \/><\/form><\/div><\/div><\/div><\/div><div class=\"sdm_fancy_template_wrapper\"><div class=\"sdm_fancy2_item sdm_fancy2_grid\"><div class=\"sdm_fancy2_wrapper\"><div class=\"sdm_fancy2_download_item_top\"><div class=\"sdm_fancy2_download_thumbnail\"><img decoding=\"async\" class=\"sdm_fancy2_thumb_image\" src=\"https:\/\/sgdesign.fr\/wp-content\/uploads\/2020\/02\/CATA-VENDEE-P1.jpg\" alt = \"Prot\u00e9g\u00e9\u00a0: 14_LMP Vend\u00e9e Charente-Maritime\" \/><\/div><\/div><div class=\"sdm_fancy2_download_title\">Prot\u00e9g\u00e9\u00a0: 14_LMP Vend\u00e9e Charente-Maritime<\/div><div class=\"sdm_fancy2_download_size\"><span class=\"sdm_fancy2_download_size_label\">Taille\u00a0: <\/span><span class=\"sdm_fancy2_download_size_value\">28,9<\/span><\/div><div class=\"sdm_fancy2_download_link\"><span class=\"sdm_enter_password_label_text\">Saisir le mot de passe pour t\u00e9l\u00e9charger\u00a0:<\/span><form action=\"https:\/\/sgdesign.fr\/?sdm_process_download=1&download_id=265\" method=\"post\" id=\"sdm-pass-69fc81d4a533f\" class=\"sdm-download-form\" target=\"_blank\"><input type=\"password\" name=\"pass_text\" class=\"sdm_pass_text\" value=\"\" \/> <span class=\"sdm-download-button\"><a href=\"#\" name=\"sdm_dl_pass_submit\" class=\"pass_sumbit sdm_pass_protected_download sdm_download_with_condition sdm_fancy2_download_dl_link\">T\u00e9l\u00e9charger<\/a><\/span><input type=\"hidden\" name=\"download_id\" value=\"265\" \/><\/form><\/div><\/div><\/div><\/div><div class=\"sdm_fancy_template_wrapper\"><div class=\"sdm_fancy2_item sdm_fancy2_grid\"><div class=\"sdm_fancy2_wrapper\"><div class=\"sdm_fancy2_download_item_top\"><div class=\"sdm_fancy2_download_thumbnail\"><img decoding=\"async\" class=\"sdm_fancy2_thumb_image\" src=\"https:\/\/sgdesign.fr\/wp-content\/uploads\/2020\/08\/Couv-P-BASQUE.jpg\" alt = \"Prot\u00e9g\u00e9\u00a0: 15_LMP Gironde_Pays_Basque\" \/><\/div><\/div><div class=\"sdm_fancy2_download_title\">Prot\u00e9g\u00e9\u00a0: 15_LMP Gironde_Pays_Basque<\/div><div class=\"sdm_fancy2_download_link\"><span class=\"sdm_enter_password_label_text\">Saisir le mot de passe pour t\u00e9l\u00e9charger\u00a0:<\/span><form action=\"https:\/\/sgdesign.fr\/?sdm_process_download=1&download_id=300\" method=\"post\" id=\"sdm-pass-69fc81d4a553b\" class=\"sdm-download-form\" target=\"_blank\"><input type=\"password\" name=\"pass_text\" class=\"sdm_pass_text\" value=\"\" \/> <span class=\"sdm-download-button\"><a href=\"#\" name=\"sdm_dl_pass_submit\" class=\"pass_sumbit sdm_pass_protected_download sdm_download_with_condition sdm_fancy2_download_dl_link\">T\u00e9l\u00e9charger<\/a><\/span><input type=\"hidden\" name=\"download_id\" value=\"300\" \/><\/form><\/div><\/div><\/div><\/div><div class=\"sdm_clear_float\"><\/div><div class=\"sdm_fancy_template_wrapper\"><div class=\"sdm_fancy2_item sdm_fancy2_grid\"><div class=\"sdm_fancy2_wrapper\"><div class=\"sdm_fancy2_download_item_top\"><div class=\"sdm_fancy2_download_thumbnail\"><img decoding=\"async\" class=\"sdm_fancy2_thumb_image\" src=\"https:\/\/sgdesign.fr\/wp-content\/uploads\/2021\/03\/CouvAlpes.jpg\" alt = \"Prot\u00e9g\u00e9\u00a0: 16_LMP Alpes\" \/><\/div><\/div><div class=\"sdm_fancy2_download_title\">Prot\u00e9g\u00e9\u00a0: 16_LMP Alpes<\/div><div class=\"sdm_fancy2_download_link\"><span class=\"sdm_enter_password_label_text\">Saisir le mot de passe pour t\u00e9l\u00e9charger\u00a0:<\/span><form action=\"https:\/\/sgdesign.fr\/?sdm_process_download=1&download_id=320\" method=\"post\" id=\"sdm-pass-69fc81d4a56c1\" class=\"sdm-download-form\" target=\"_blank\"><input type=\"password\" name=\"pass_text\" class=\"sdm_pass_text\" value=\"\" \/> <span class=\"sdm-download-button\"><a href=\"#\" name=\"sdm_dl_pass_submit\" class=\"pass_sumbit sdm_pass_protected_download sdm_download_with_condition sdm_fancy2_download_dl_link\">T\u00e9l\u00e9charger<\/a><\/span><input type=\"hidden\" name=\"download_id\" value=\"320\" \/><\/form><\/div><\/div><\/div><\/div><div class=\"sdm_fancy_template_wrapper\"><div class=\"sdm_fancy2_item sdm_fancy2_grid\"><div class=\"sdm_fancy2_wrapper\"><div class=\"sdm_fancy2_download_item_top\"><div class=\"sdm_fancy2_download_thumbnail\"><img decoding=\"async\" class=\"sdm_fancy2_thumb_image\" src=\"https:\/\/sgdesign.fr\/wp-content\/uploads\/2020\/08\/Couv-PYR.jpg\" alt = \"Prot\u00e9g\u00e9\u00a0: 17_LMP Pyr\u00e9n\u00e9es\" \/><\/div><\/div><div class=\"sdm_fancy2_download_title\">Prot\u00e9g\u00e9\u00a0: 17_LMP Pyr\u00e9n\u00e9es<\/div><div class=\"sdm_fancy2_download_link\"><span class=\"sdm_enter_password_label_text\">Saisir le mot de passe pour t\u00e9l\u00e9charger\u00a0:<\/span><form action=\"https:\/\/sgdesign.fr\/?sdm_process_download=1&download_id=301\" method=\"post\" id=\"sdm-pass-69fc81d4a583e\" class=\"sdm-download-form\" target=\"_blank\"><input type=\"password\" name=\"pass_text\" class=\"sdm_pass_text\" value=\"\" \/> <span class=\"sdm-download-button\"><a href=\"#\" name=\"sdm_dl_pass_submit\" class=\"pass_sumbit sdm_pass_protected_download sdm_download_with_condition sdm_fancy2_download_dl_link\">T\u00e9l\u00e9charger<\/a><\/span><input type=\"hidden\" name=\"download_id\" value=\"301\" \/><\/form><\/div><\/div><\/div><\/div><div class=\"sdm_fancy_template_wrapper\"><div class=\"sdm_fancy2_item sdm_fancy2_grid\"><div class=\"sdm_fancy2_wrapper\"><div class=\"sdm_fancy2_download_item_top\"><div class=\"sdm_fancy2_download_thumbnail\"><img decoding=\"async\" class=\"sdm_fancy2_thumb_image\" src=\"https:\/\/sgdesign.fr\/wp-content\/uploads\/2020\/07\/gausapa-TARIF.jpg\" alt = \"Prot\u00e9g\u00e9\u00a0: 18_Tarif Gausapa\" \/><\/div><\/div><div class=\"sdm_fancy2_download_title\">Prot\u00e9g\u00e9\u00a0: 18_Tarif Gausapa<\/div><div class=\"sdm_fancy2_download_link\"><span class=\"sdm_enter_password_label_text\">Saisir le mot de passe pour t\u00e9l\u00e9charger\u00a0:<\/span><form action=\"https:\/\/sgdesign.fr\/?sdm_process_download=1&download_id=225\" method=\"post\" id=\"sdm-pass-69fc81d4a59bd\" class=\"sdm-download-form\" target=\"_blank\"><input type=\"password\" name=\"pass_text\" class=\"sdm_pass_text\" value=\"\" \/> <span class=\"sdm-download-button\"><a href=\"#\" name=\"sdm_dl_pass_submit\" class=\"pass_sumbit sdm_pass_protected_download sdm_download_with_condition sdm_fancy2_download_dl_link\">T\u00e9l\u00e9charger<\/a><\/span><input type=\"hidden\" name=\"download_id\" value=\"225\" \/><\/form><\/div><\/div><\/div><\/div><div class=\"sdm_clear_float\"><\/div><div class=\"sdm_fancy_template_wrapper\"><div class=\"sdm_fancy2_item sdm_fancy2_grid\"><div class=\"sdm_fancy2_wrapper\"><div class=\"sdm_fancy2_download_item_top\"><div class=\"sdm_fancy2_download_thumbnail\"><img decoding=\"async\" class=\"sdm_fancy2_thumb_image\" src=\"https:\/\/sgdesign.fr\/wp-content\/uploads\/2019\/12\/LMP-TARIF-1.jpg\" alt = \"Prot\u00e9g\u00e9\u00a0: 20_Tarif LMP\" \/><\/div><\/div><div class=\"sdm_fancy2_download_title\">Prot\u00e9g\u00e9\u00a0: 20_Tarif LMP<\/div><div class=\"sdm_fancy2_download_link\"><span class=\"sdm_enter_password_label_text\">Saisir le mot de passe pour t\u00e9l\u00e9charger\u00a0:<\/span><form action=\"https:\/\/sgdesign.fr\/?sdm_process_download=1&download_id=222\" method=\"post\" id=\"sdm-pass-69fc81d4a5b49\" class=\"sdm-download-form\" target=\"_blank\"><input type=\"password\" name=\"pass_text\" class=\"sdm_pass_text\" value=\"\" \/> <span class=\"sdm-download-button\"><a href=\"#\" name=\"sdm_dl_pass_submit\" class=\"pass_sumbit sdm_pass_protected_download sdm_download_with_condition sdm_fancy2_download_dl_link\">T\u00e9l\u00e9charger<\/a><\/span><input type=\"hidden\" name=\"download_id\" value=\"222\" \/><\/form><\/div><\/div><\/div><\/div><div class=\"sdm_clear_float\"><\/div>\n","protected":false},"excerpt":{"rendered":"<p>Acc\u00e8s r\u00e9serv\u00e9 uniquement aux professionnels munis d&rsquo;un mot de passe<\/p>\n","protected":false},"author":2,"featured_media":23,"parent":6,"menu_order":0,"comment_status":"closed","ping_status":"closed","template":"","meta":{"footnotes":""},"class_list":["post-16","page","type-page","status-publish","has-post-thumbnail","hentry"],"_links":{"self":[{"href":"https:\/\/sgdesign.fr\/index.php?rest_route=\/wp\/v2\/pages\/16","targetHints":{"allow":["GET"]}}],"collection":[{"href":"https:\/\/sgdesign.fr\/index.php?rest_route=\/wp\/v2\/pages"}],"about":[{"href":"https:\/\/sgdesign.fr\/index.php?rest_route=\/wp\/v2\/types\/page"}],"author":[{"embeddable":true,"href":"https:\/\/sgdesign.fr\/index.php?rest_route=\/wp\/v2\/users\/2"}],"replies":[{"embeddable":true,"href":"https:\/\/sgdesign.fr\/index.php?rest_route=%2Fwp%2Fv2%2Fcomments&post=16"}],"version-history":[{"count":6,"href":"https:\/\/sgdesign.fr\/index.php?rest_route=\/wp\/v2\/pages\/16\/revisions"}],"predecessor-version":[{"id":250,"href":"https:\/\/sgdesign.fr\/index.php?rest_route=\/wp\/v2\/pages\/16\/revisions\/250"}],"up":[{"embeddable":true,"href":"https:\/\/sgdesign.fr\/index.php?rest_route=\/wp\/v2\/pages\/6"}],"wp:featuredmedia":[{"embeddable":true,"href":"https:\/\/sgdesign.fr\/index.php?rest_route=\/"}],"wp:attachment":[{"href":"https:\/\/sgdesign.fr\/index.php?rest_route=%2Fwp%2Fv2%2Fmedia&parent=16"}],"curies":[{"name":"wp","href":"https:\/\/api.w.org\/{rel}","templated":true}]}}